{"id":18495,"date":"2017-03-17T11:49:43","date_gmt":"2017-03-17T10:49:43","guid":{"rendered":"http:\/\/azahar-sevilla.com\/sevilletapas\/?page_id=18495"},"modified":"2018-01-21T13:13:20","modified_gmt":"2018-01-21T12:13:20","slug":"bodegas-gonzalez-byass","status":"publish","type":"page","link":"https:\/\/azahar-sevilla.com\/sevilletapas\/sherry-educator\/jerez-de-la-frontera\/bodegas-gonzalez-byass\/","title":{"rendered":"Bodegas Gonz\u00e1lez Byass"},"content":{"rendered":"<p style=\"text-align: center;\"><a href=\"https:\/\/i0.wp.com\/azahar-sevilla.com\/sevilletapas\/wp-content\/uploads\/2017\/03\/bodegas-gonzalez-byass.jpg?ssl=1\"><img data-recalc-dims=\"1\" loading=\"lazy\" decoding=\"async\" data-attachment-id=\"18559\" data-permalink=\"https:\/\/azahar-sevilla.com\/sevilletapas\/sherry-educator\/sanlucar-de-barrameda\/bodegas-barbadillo\/bodegas-gonzalez-byass-2\/#main\" data-orig-file=\"https:\/\/i0.wp.com\/azahar-sevilla.com\/sevilletapas\/wp-content\/uploads\/2017\/03\/bodegas-gonzalez-byass.jpg?fit=1024%2C640&amp;ssl=1\" data-orig-size=\"1024,640\" data-comments-opened=\"1\" data-image-meta=\"{&quot;aperture&quot;:&quot;0&quot;,&quot;credit&quot;:&quot;Picasa&quot;,&quot;camera&quot;:&quot;&quot;,&quot;caption&quot;:&quot;&quot;,&quot;created_timestamp&quot;:&quot;1406457610&quot;,&quot;copyright&quot;:&quot;&quot;,&quot;focal_length&quot;:&quot;0&quot;,&quot;iso&quot;:&quot;0&quot;,&quot;shutter_speed&quot;:&quot;0&quot;,&quot;title&quot;:&quot;&quot;,&quot;orientation&quot;:&quot;0&quot;}\" data-image-title=\"bodegas gonzalez byass\" data-image-description=\"\" data-image-caption=\"\" data-large-file=\"https:\/\/i0.wp.com\/azahar-sevilla.com\/sevilletapas\/wp-content\/uploads\/2017\/03\/bodegas-gonzalez-byass.jpg?fit=1024%2C640&amp;ssl=1\" class=\"aligncenter size-full wp-image-18559\" src=\"https:\/\/i0.wp.com\/azahar-sevilla.com\/sevilletapas\/wp-content\/uploads\/2017\/03\/bodegas-gonzalez-byass.jpg?resize=1024%2C640&#038;ssl=1\" alt=\"\" width=\"1024\" height=\"640\" srcset=\"https:\/\/i0.wp.com\/azahar-sevilla.com\/sevilletapas\/wp-content\/uploads\/2017\/03\/bodegas-gonzalez-byass.jpg?w=1024&amp;ssl=1 1024w, https:\/\/i0.wp.com\/azahar-sevilla.com\/sevilletapas\/wp-content\/uploads\/2017\/03\/bodegas-gonzalez-byass.jpg?resize=300%2C188&amp;ssl=1 300w, https:\/\/i0.wp.com\/azahar-sevilla.com\/sevilletapas\/wp-content\/uploads\/2017\/03\/bodegas-gonzalez-byass.jpg?resize=768%2C480&amp;ssl=1 768w, https:\/\/i0.wp.com\/azahar-sevilla.com\/sevilletapas\/wp-content\/uploads\/2017\/03\/bodegas-gonzalez-byass.jpg?resize=618%2C386&amp;ssl=1 618w, https:\/\/i0.wp.com\/azahar-sevilla.com\/sevilletapas\/wp-content\/uploads\/2017\/03\/bodegas-gonzalez-byass.jpg?resize=444%2C278&amp;ssl=1 444w\" sizes=\"auto, (max-width: 1024px) 100vw, 1024px\" \/><\/a><\/p>\n<p style=\"text-align: justify;\">I almost can&#8217;t believe that it took so long to visit Bodegas Gonz\u00e1lez Byass because I\u2019ve known Antonio Flores (master wine blender) and Jos\u00e9 Argudo (brand manager) for ages, and have been to many of their tastings and events both in Sevilla and Jerez. They have always told me I was welcome to visit the bodega anytime, and that time finally came. It was the first tour we did, almost as soon as we arrived in Jerez. And it was quite a show. You are immediately impressed by the size and importance of the place. But it\u2019s not just show as the wines are excellent and \u2013 I can\u2019t help it \u2013 I adore the iconic T\u00edo Pepe logo.<\/p>\n<p style=\"text-align: justify;\">The bodega was founded in 1835 by Manuel Mar\u00eda Gonz\u00e1lez and its most famous brand, Tio Pepe, was named after his uncle Jos\u00e9. It&#8217;s the biggest of the Jerez bodegas, and also has the most open spaces around the buildings, almost like a small town, and we hopped on and off a small train to visit the various points of interest. Although the bodega buildings are generally traditional, the oldest, Real Bodega La Concha is a round structure designed by Eiffel (he of the tower). Also worth seeing are the old brandy stills, and the casks signed by celebrity visitors.<\/p>\n<p style=\"text-align: justify;\">Daily tours are given in Spanish, English, French and German. On our tour we got to taste T\u00edo Pepe (bone dry fino) and Croft Original (sweet cream blend). There are other options if you want to either taste more wines and\/or have them with tapas. I think it&#8217;s a very interesting tour and the short film you get to watch part-way through helps to give you a feel of the family history and the long tradition of this world-renowned bodega.<\/p>\n<blockquote><p><a href=\"http:\/\/www.bodegastiopepe.com\/\" target=\"_blank\" rel=\"noopener\">Bodegas T\u00edo Pepe<\/a><br \/>\nJerez de la Frontera<br \/>\nCalle de Manuel Mar\u00eda Gonz\u00e1lez, 12<br \/>\nTel 956 35 70 00<\/p><\/blockquote>\n","protected":false},"excerpt":{"rendered":"<p>I almost can&#8217;t believe that it took so long to visit Bodegas Gonz\u00e1lez Byass because I\u2019ve known Antonio Flores (master wine blender) and Jos\u00e9 Argudo (brand manager) for ages, and have been to many of their tastings and events both in Sevilla and Jerez. They have always told me I was welcome to visit the [&hellip;]<\/p>\n","protected":false},"author":1,"featured_media":0,"parent":18426,"menu_order":6,"comment_status":"closed","ping_status":"closed","template":"","meta":{"footnotes":""},"class_list":["post-18495","page","type-page","status-publish","hentry"],"aioseo_notices":[],"jetpack_shortlink":"https:\/\/wp.me\/P1sdVO-4Oj","jetpack_sharing_enabled":true,"jetpack-related-posts":[{"id":18489,"url":"https:\/\/azahar-sevilla.com\/sevilletapas\/sherry-educator\/jerez-de-la-frontera\/bodegas-arfe\/","url_meta":{"origin":18495,"position":0},"title":"Bodegas Arfe","author":"Shawn","date":"March 17, 2017","format":false,"excerpt":"Bodegas Arfe is an unusual, and fairly new, bodega. Founded in 2000, it's the brainchild of Luis Arroyo Felices (the name of the bodega is the first two letters of his surnames), formerly technical director at Grupo Garvey, and the first bottling of Palo Cortado \u201cDe La Cruz De 1767\u201d\u2026","rel":"","context":"Similar post","block_context":{"text":"Similar post","link":""},"img":{"alt_text":"","src":"https:\/\/i0.wp.com\/azahar-sevilla.com\/sevilletapas\/wp-content\/uploads\/2017\/03\/bodegas-arfe.jpg?resize=350%2C200","width":350,"height":200,"srcset":"https:\/\/i0.wp.com\/azahar-sevilla.com\/sevilletapas\/wp-content\/uploads\/2017\/03\/bodegas-arfe.jpg?resize=350%2C200 1x, https:\/\/i0.wp.com\/azahar-sevilla.com\/sevilletapas\/wp-content\/uploads\/2017\/03\/bodegas-arfe.jpg?resize=525%2C300 1.5x, https:\/\/i0.wp.com\/azahar-sevilla.com\/sevilletapas\/wp-content\/uploads\/2017\/03\/bodegas-arfe.jpg?resize=700%2C400 2x"},"classes":[]},{"id":18963,"url":"https:\/\/azahar-sevilla.com\/sevilletapas\/my-wine-tastings\/","url_meta":{"origin":18495,"position":1},"title":"My Sherry Experiences","author":"Shawn","date":"June 20, 2017","format":false,"excerpt":"Outside of Andaluc\u00eda (and sometimes here too!), Sherry is quite possibly the most misunderstood wine in the world. For many the name is likely to conjure up a memory of a sweet dark liquid that granny used to produce from the back of a cupboard at Christmas time. But nothing\u2026","rel":"","context":"Similar post","block_context":{"text":"Similar post","link":""},"img":{"alt_text":"intro to sherry (1)","src":"https:\/\/i0.wp.com\/azahar-sevilla.com\/sevilletapas\/wp-content\/uploads\/2013\/08\/intro-to-sherry-1-300x271.jpg?resize=350%2C200","width":350,"height":200},"classes":[]},{"id":11775,"url":"https:\/\/azahar-sevilla.com\/sevilletapas\/my-wine-tastings\/sherry\/","url_meta":{"origin":18495,"position":2},"title":"Sherry &#038; Tapas Experience","author":"Shawn","date":"August 16, 2013","format":false,"excerpt":"The Sherry & Tapas Experience is an introduction to the wonderful world of sherry. It will be a fun and informative afternoon out with a Certified Sherry Educator (me!) during which you will learn about the basics of the sherry-making process while tasting 6 different wines as you visit two\u2026","rel":"","context":"Similar post","block_context":{"text":"Similar post","link":""},"img":{"alt_text":"","src":"https:\/\/i0.wp.com\/azahar-sevilla.com\/sevilletapas\/wp-content\/uploads\/2026\/03\/sherry-class-26-1.jpg?resize=350%2C200&ssl=1","width":350,"height":200,"srcset":"https:\/\/i0.wp.com\/azahar-sevilla.com\/sevilletapas\/wp-content\/uploads\/2026\/03\/sherry-class-26-1.jpg?resize=350%2C200&ssl=1 1x, https:\/\/i0.wp.com\/azahar-sevilla.com\/sevilletapas\/wp-content\/uploads\/2026\/03\/sherry-class-26-1.jpg?resize=525%2C300&ssl=1 1.5x"},"classes":[]}],"jetpack_likes_enabled":true,"_links":{"self":[{"href":"https:\/\/azahar-sevilla.com\/sevilletapas\/wp-json\/wp\/v2\/pages\/18495","targetHints":{"allow":["GET"]}}],"collection":[{"href":"https:\/\/azahar-sevilla.com\/sevilletapas\/wp-json\/wp\/v2\/pages"}],"about":[{"href":"https:\/\/azahar-sevilla.com\/sevilletapas\/wp-json\/wp\/v2\/types\/page"}],"author":[{"embeddable":true,"href":"https:\/\/azahar-sevilla.com\/sevilletapas\/wp-json\/wp\/v2\/users\/1"}],"replies":[{"embeddable":true,"href":"https:\/\/azahar-sevilla.com\/sevilletapas\/wp-json\/wp\/v2\/comments?post=18495"}],"version-history":[{"count":5,"href":"https:\/\/azahar-sevilla.com\/sevilletapas\/wp-json\/wp\/v2\/pages\/18495\/revisions"}],"predecessor-version":[{"id":20555,"href":"https:\/\/azahar-sevilla.com\/sevilletapas\/wp-json\/wp\/v2\/pages\/18495\/revisions\/20555"}],"up":[{"embeddable":true,"href":"https:\/\/azahar-sevilla.com\/sevilletapas\/wp-json\/wp\/v2\/pages\/18426"}],"wp:attachment":[{"href":"https:\/\/azahar-sevilla.com\/sevilletapas\/wp-json\/wp\/v2\/media?parent=18495"}],"curies":[{"name":"wp","href":"https:\/\/api.w.org\/{rel}","templated":true}]}}