{"id":18491,"date":"2017-03-17T11:46:40","date_gmt":"2017-03-17T10:46:40","guid":{"rendered":"http:\/\/azahar-sevilla.com\/sevilletapas\/?page_id=18491"},"modified":"2018-01-22T12:19:38","modified_gmt":"2018-01-22T11:19:38","slug":"bodegas-diez-merito","status":"publish","type":"page","link":"https:\/\/azahar-sevilla.com\/sevilletapas\/sherry-educator\/jerez-de-la-frontera\/bodegas-diez-merito\/","title":{"rendered":"Bodegas Diez M\u00e9rito"},"content":{"rendered":"<p><a href=\"https:\/\/i0.wp.com\/azahar-sevilla.com\/sevilletapas\/wp-content\/uploads\/2017\/03\/bodegas-diez-merito.jpg?ssl=1\"><img data-recalc-dims=\"1\" loading=\"lazy\" decoding=\"async\" data-attachment-id=\"18556\" data-permalink=\"https:\/\/azahar-sevilla.com\/sevilletapas\/sherry-educator\/sanlucar-de-barrameda\/bodegas-barbadillo\/bodegas-diez-merito-2\/#main\" data-orig-file=\"https:\/\/i0.wp.com\/azahar-sevilla.com\/sevilletapas\/wp-content\/uploads\/2017\/03\/bodegas-diez-merito.jpg?fit=1024%2C640&amp;ssl=1\" data-orig-size=\"1024,640\" data-comments-opened=\"1\" data-image-meta=\"{&quot;aperture&quot;:&quot;0&quot;,&quot;credit&quot;:&quot;Picasa&quot;,&quot;camera&quot;:&quot;&quot;,&quot;caption&quot;:&quot;&quot;,&quot;created_timestamp&quot;:&quot;1489838238&quot;,&quot;copyright&quot;:&quot;&quot;,&quot;focal_length&quot;:&quot;0&quot;,&quot;iso&quot;:&quot;0&quot;,&quot;shutter_speed&quot;:&quot;0&quot;,&quot;title&quot;:&quot;&quot;,&quot;orientation&quot;:&quot;0&quot;}\" data-image-title=\"bodegas diez merito\" data-image-description=\"\" data-image-caption=\"\" data-large-file=\"https:\/\/i0.wp.com\/azahar-sevilla.com\/sevilletapas\/wp-content\/uploads\/2017\/03\/bodegas-diez-merito.jpg?fit=1024%2C640&amp;ssl=1\" class=\"aligncenter size-full wp-image-18556\" src=\"https:\/\/i0.wp.com\/azahar-sevilla.com\/sevilletapas\/wp-content\/uploads\/2017\/03\/bodegas-diez-merito.jpg?resize=1024%2C640&#038;ssl=1\" alt=\"\" width=\"1024\" height=\"640\" srcset=\"https:\/\/i0.wp.com\/azahar-sevilla.com\/sevilletapas\/wp-content\/uploads\/2017\/03\/bodegas-diez-merito.jpg?w=1024&amp;ssl=1 1024w, https:\/\/i0.wp.com\/azahar-sevilla.com\/sevilletapas\/wp-content\/uploads\/2017\/03\/bodegas-diez-merito.jpg?resize=300%2C188&amp;ssl=1 300w, https:\/\/i0.wp.com\/azahar-sevilla.com\/sevilletapas\/wp-content\/uploads\/2017\/03\/bodegas-diez-merito.jpg?resize=768%2C480&amp;ssl=1 768w, https:\/\/i0.wp.com\/azahar-sevilla.com\/sevilletapas\/wp-content\/uploads\/2017\/03\/bodegas-diez-merito.jpg?resize=618%2C386&amp;ssl=1 618w, https:\/\/i0.wp.com\/azahar-sevilla.com\/sevilletapas\/wp-content\/uploads\/2017\/03\/bodegas-diez-merito.jpg?resize=444%2C278&amp;ssl=1 444w\" sizes=\"auto, (max-width: 1024px) 100vw, 1024px\" \/><\/a><\/p>\n<p style=\"text-align: justify;\">My self education in sherry is something of an ongoing project. You can read about my first big bodega adventure <a href=\"http:\/\/azahar-spain.com\/sherry-tasting-jerez\/\" target=\"_blank\" rel=\"noopener\">here<\/a> and more recently I added another two bodegas to my list of those visited.<\/p>\n<p style=\"text-align: justify;\">Although not one of the &#8220;big boys&#8221; Diez M\u00e9rito, recently acquired by the Espinosa grape growing family, is a well known and long established bodega with a complicated and fascinating history. It&#8217;s located in a slightly run down part of town between the railway and the old city, but the bodega itself is immaculately kept, with beautiful courtyards and the yeasty aroma and hushed coolness of the interiors where the ranks of sherry casks are stored. It&#8217;s easy to understand why these fine buildings are often reverentially referred to as cathedrals.<\/p>\n<p style=\"text-align: justify;\">The building, known as Bodega Bertamati after its first owners, was built in 1790, and was later acquired by the Marqu\u00e9s de M\u00e9rito, who introduced many of the brands still made there, before being purchased in 1979 by the Diez brothers, who had owned their own bodega since 1876, since when it has had the double-barrelled name, Diez M\u00e9rito, we are familiar with. One of the Diez brothers has the claim to fame that while visiting England he purchased the first steam engine in Spain, and built the first railway between Jerez and the little port of El Portal on the Guadalete River to speed up the export of sherry.<\/p>\n<p style=\"text-align: justify;\">Diez M\u00e9rito&#8217;s principal brand ranges are Pemart\u00edn and the more upmarket Bertola, and the original M\u00e9rito range of brandies, including the Solera Especial 1876 with a production of just 100 bottles a year (needless to say that although we got to taste several nice sherries, we didn&#8217;t get to taste that). Jewels in the crown, though are Merito&#8217;s three VORS (Very Old Rare Sherries), Fino Imperial (actually an amontillado), Victoria (oloroso) and PX Vieja Solera.<\/p>\n<blockquote><p><a href=\"http:\/\/diezmerito.com\/\" target=\"_blank\" rel=\"noopener\">Bodegas Diez M\u00e9rito<\/a><br \/>\nJerez de la Frontera<br \/>\nDiego Fern\u00e1ndez Herrera 14<br \/>\nTel 956 332 973<\/p><\/blockquote>\n","protected":false},"excerpt":{"rendered":"<p>My self education in sherry is something of an ongoing project. You can read about my first big bodega adventure here and more recently I added another two bodegas to my list of those visited. Although not one of the &#8220;big boys&#8221; Diez M\u00e9rito, recently acquired by the Espinosa grape growing family, is a well [&hellip;]<\/p>\n","protected":false},"author":1,"featured_media":0,"parent":18426,"menu_order":2,"comment_status":"closed","ping_status":"closed","template":"","meta":{"footnotes":""},"class_list":["post-18491","page","type-page","status-publish","hentry"],"aioseo_notices":[],"jetpack_shortlink":"https:\/\/wp.me\/P1sdVO-4Of","jetpack_sharing_enabled":true,"jetpack-related-posts":[{"id":18489,"url":"https:\/\/azahar-sevilla.com\/sevilletapas\/sherry-educator\/jerez-de-la-frontera\/bodegas-arfe\/","url_meta":{"origin":18491,"position":0},"title":"Bodegas Arfe","author":"Shawn","date":"March 17, 2017","format":false,"excerpt":"Bodegas Arfe is an unusual, and fairly new, bodega. Founded in 2000, it's the brainchild of Luis Arroyo Felices (the name of the bodega is the first two letters of his surnames), formerly technical director at Grupo Garvey, and the first bottling of Palo Cortado \u201cDe La Cruz De 1767\u201d\u2026","rel":"","context":"Similar post","block_context":{"text":"Similar post","link":""},"img":{"alt_text":"","src":"https:\/\/i0.wp.com\/azahar-sevilla.com\/sevilletapas\/wp-content\/uploads\/2017\/03\/bodegas-arfe.jpg?resize=350%2C200","width":350,"height":200,"srcset":"https:\/\/i0.wp.com\/azahar-sevilla.com\/sevilletapas\/wp-content\/uploads\/2017\/03\/bodegas-arfe.jpg?resize=350%2C200 1x, https:\/\/i0.wp.com\/azahar-sevilla.com\/sevilletapas\/wp-content\/uploads\/2017\/03\/bodegas-arfe.jpg?resize=525%2C300 1.5x, https:\/\/i0.wp.com\/azahar-sevilla.com\/sevilletapas\/wp-content\/uploads\/2017\/03\/bodegas-arfe.jpg?resize=700%2C400 2x"},"classes":[]},{"id":18963,"url":"https:\/\/azahar-sevilla.com\/sevilletapas\/my-wine-tastings\/","url_meta":{"origin":18491,"position":1},"title":"My Sherry Experiences","author":"Shawn","date":"June 20, 2017","format":false,"excerpt":"Outside of Andaluc\u00eda (and sometimes here too!), Sherry is quite possibly the most misunderstood wine in the world. For many the name is likely to conjure up a memory of a sweet dark liquid that granny used to produce from the back of a cupboard at Christmas time. But nothing\u2026","rel":"","context":"Similar post","block_context":{"text":"Similar post","link":""},"img":{"alt_text":"intro to sherry (1)","src":"https:\/\/i0.wp.com\/azahar-sevilla.com\/sevilletapas\/wp-content\/uploads\/2013\/08\/intro-to-sherry-1-300x271.jpg?resize=350%2C200","width":350,"height":200},"classes":[]},{"id":11775,"url":"https:\/\/azahar-sevilla.com\/sevilletapas\/my-wine-tastings\/sherry\/","url_meta":{"origin":18491,"position":2},"title":"Sherry &#038; Tapas Experience","author":"Shawn","date":"August 16, 2013","format":false,"excerpt":"The Sherry & Tapas Experience is an introduction to the wonderful world of sherry. It will be a fun and informative afternoon out with a Certified Sherry Educator (me!) during which you will learn about the basics of the sherry-making process while tasting 6 different wines as you visit two\u2026","rel":"","context":"Similar post","block_context":{"text":"Similar post","link":""},"img":{"alt_text":"","src":"https:\/\/i0.wp.com\/azahar-sevilla.com\/sevilletapas\/wp-content\/uploads\/2026\/03\/sherry-class-26-1.jpg?resize=350%2C200&ssl=1","width":350,"height":200,"srcset":"https:\/\/i0.wp.com\/azahar-sevilla.com\/sevilletapas\/wp-content\/uploads\/2026\/03\/sherry-class-26-1.jpg?resize=350%2C200&ssl=1 1x, https:\/\/i0.wp.com\/azahar-sevilla.com\/sevilletapas\/wp-content\/uploads\/2026\/03\/sherry-class-26-1.jpg?resize=525%2C300&ssl=1 1.5x"},"classes":[]},{"id":27737,"url":"https:\/\/azahar-sevilla.com\/sevilletapas\/my-wine-tastings\/sherry-tapas-tasting\/","url_meta":{"origin":18491,"position":3},"title":"Sherry &#038; Tapas Tasting","author":"Shawn","date":"September 15, 2021","format":false,"excerpt":"Outside of Andaluc\u00eda (and even sometimes here too!), sherry remains quite possibly the most misunderstood wine in the world. As a certified Sherry Educator I feel it is my mission to dispel these misconceptions by introducing you to sherry the way we enjoy it here in southern Spain. This unique\u2026","rel":"","context":"Similar post","block_context":{"text":"Similar post","link":""},"img":{"alt_text":"","src":"https:\/\/i0.wp.com\/azahar-sevilla.com\/sevilletapas\/wp-content\/uploads\/2021\/09\/st-2021-1.jpg?resize=350%2C200","width":350,"height":200,"srcset":"https:\/\/i0.wp.com\/azahar-sevilla.com\/sevilletapas\/wp-content\/uploads\/2021\/09\/st-2021-1.jpg?resize=350%2C200 1x, https:\/\/i0.wp.com\/azahar-sevilla.com\/sevilletapas\/wp-content\/uploads\/2021\/09\/st-2021-1.jpg?resize=525%2C300 1.5x"},"classes":[]},{"id":15430,"url":"https:\/\/azahar-sevilla.com\/sevilletapas\/tapas-tours\/the-triana-tour\/","url_meta":{"origin":18491,"position":4},"title":"Tasting Triana","author":"Shawn","date":"February 22, 2015","format":false,"excerpt":"Triana, on the west bank of the Guadalquivir River, remains one of Sevilla's most unique and distinctive barrios, though trianeros feel strongly that it is actually a separate entity altogether. Triana is well-known for its traditional pottery and tile industry and a vibrant flamenco culture. It is also the home\u2026","rel":"","context":"Similar post","block_context":{"text":"Similar post","link":""},"img":{"alt_text":"triana tapas tour","src":"https:\/\/i0.wp.com\/azahar-sevilla.com\/sevilletapas\/wp-content\/uploads\/2015\/02\/triana-tapas-tour.jpg?resize=350%2C200","width":350,"height":200,"srcset":"https:\/\/i0.wp.com\/azahar-sevilla.com\/sevilletapas\/wp-content\/uploads\/2015\/02\/triana-tapas-tour.jpg?resize=350%2C200 1x, https:\/\/i0.wp.com\/azahar-sevilla.com\/sevilletapas\/wp-content\/uploads\/2015\/02\/triana-tapas-tour.jpg?resize=525%2C300 1.5x"},"classes":[]}],"jetpack_likes_enabled":true,"_links":{"self":[{"href":"https:\/\/azahar-sevilla.com\/sevilletapas\/wp-json\/wp\/v2\/pages\/18491","targetHints":{"allow":["GET"]}}],"collection":[{"href":"https:\/\/azahar-sevilla.com\/sevilletapas\/wp-json\/wp\/v2\/pages"}],"about":[{"href":"https:\/\/azahar-sevilla.com\/sevilletapas\/wp-json\/wp\/v2\/types\/page"}],"author":[{"embeddable":true,"href":"https:\/\/azahar-sevilla.com\/sevilletapas\/wp-json\/wp\/v2\/users\/1"}],"replies":[{"embeddable":true,"href":"https:\/\/azahar-sevilla.com\/sevilletapas\/wp-json\/wp\/v2\/comments?post=18491"}],"version-history":[{"count":4,"href":"https:\/\/azahar-sevilla.com\/sevilletapas\/wp-json\/wp\/v2\/pages\/18491\/revisions"}],"predecessor-version":[{"id":20570,"href":"https:\/\/azahar-sevilla.com\/sevilletapas\/wp-json\/wp\/v2\/pages\/18491\/revisions\/20570"}],"up":[{"embeddable":true,"href":"https:\/\/azahar-sevilla.com\/sevilletapas\/wp-json\/wp\/v2\/pages\/18426"}],"wp:attachment":[{"href":"https:\/\/azahar-sevilla.com\/sevilletapas\/wp-json\/wp\/v2\/media?parent=18491"}],"curies":[{"name":"wp","href":"https:\/\/api.w.org\/{rel}","templated":true}]}}